2097
What are the prime factors of 692104?
2, 7, 17, 727
List the prime factors of 283849.
17, 59, 283
List the prime factors of 2327790.
2, 3, 5, 31, 2503
What are the prime factors of 3435165?
3, 5, 23, 3319
What are the prime factors of 19214237?
7, 2744891
What are the prime factors of 142643?
67, 2129
List the prime factors of 4109432.
2, 513679
List the prime factors of 3187541.
7, 103, 4421
List the prime factors of 3187890.
2, 3, 5, 11807
List the prime factors of 79904.
2, 11, 227
List the prime factors of 3114130.
2, 5, 109, 2857
What are the prime factors of 239291?
13, 79, 233
What are the prime factors of 20615829?
3, 13, 528611
What are the prime factors of 22530814?
2, 17, 662671
List the prime factors of 757440.
2, 3, 5, 263
List the prime factors of 2511738.
2, 3, 23, 6067
List the prime factors of 8844290.
2, 5, 7, 13, 9719
What are the prime factors of 211371?
3, 70457
List the prime factors of 653719.
11, 67, 887
What are the prime factors of 7357601?
43, 397, 431
List the prime factors of 1725634.
2, 367, 2351
What are the prime factors of 710337?
3, 236779
List the prime factors of 252068.
2, 29, 41, 53
List the prime factors of 1166338.
2, 583169
List the prime factors of 206434.
2, 103217
List the prime factors of 1352867.
167, 8101
List the prime factors of 8747373.
3, 2915791
What are the prime factors of 141390?
2, 3, 5, 1571
What are the prime factors of 360001?
157, 2293
What are the prime factors of 11730533?
2753, 4261
What are the prime factors of 749960?
2, 5, 18749
What are the prime factors of 7405291?
37, 263, 761
What are the prime factors of 487993?
11, 37, 109
List the prime factors of 13104575.
5, 11, 47653
List the prime factors of 32327195.
5, 79, 223, 367
What are the prime factors of 6022346?
2, 11, 457, 599
What are the prime factors of 748521?
3, 9241
List the prime factors of 11527814.
2, 89, 64763
List the prime factors of 6729960.
2, 3, 5, 17, 3299
What are the prime factors of 1532530?
2, 5, 331, 463
What are the prime factors of 10181585?
5, 107, 19031
What are the prime factors of 4266995?
5, 31, 27529
What are the prime factors of 109547?
109547
What are the prime factors of 7441?
7, 1063
List the prime factors of 1184147.
619, 1913
What are the prime factors of 139821?
3, 11, 19, 223
List the prime factors of 399674.
2, 11, 37, 491
List the prime factors of 41978.
2, 139, 151
List the prime factors of 4676623.
7, 668089
What are the prime factors of 1754778?
2, 3, 59, 4957
List the prime factors of 2733899.
7, 53, 7369
What are the prime factors of 329246?
2, 164623
What are the prime factors of 136621?
136621
What are the prime factors of 676377?
3, 13, 41, 47
List the prime factors of 8598220.
2, 5, 429911
What are the prime factors of 135570?
2, 3, 5, 4519
List the prime factors of 3882397.
3882397
What are the prime factors of 637151?
89, 7159
List the prime factors of 3074152.
2, 199, 1931
What are the prime factors of 143894?
2, 71947
List the prime factors of 93006.
2, 3, 5167
What are the prime factors of 9498905?
5, 13, 317, 461
What are the prime factors of 937444?
2, 234361
List the prime factors of 23447253.
3, 31, 53, 67, 71
List the prime factors of 114635.
5, 101, 227
List the prime factors of 2034589.
67, 30367
What are the prime factors of 2183198?
2, 251, 4349
What are the prime factors of 104472?
2, 3, 1451
List the prime factors of 3946608.
2, 3, 27407
What are the prime factors of 5584597?
277, 20161
What are the prime factors of 2879395?
5, 163, 3533
What are the prime factors of 782043?
3, 29, 89, 101
List the prime factors of 985582.
2, 13, 37907
List the prime factors of 3918260.
2, 5, 195913
List the prime factors of 5705198.
2, 2852599
What are the prime factors of 1430632?
2, 7, 59, 433
What are the prime factors of 17286?
2, 3, 43, 67
List the prime factors of 24250554.
2, 3, 29, 46457
What are the prime factors of 902696?
2, 53, 2129
List the prime factors of 7799986.
2, 79, 49367
What are the prime factors of 4311778?
2, 17, 29, 4373
What are the prime factors of 28095950?
2, 5, 37, 15187
What are the prime factors of 3097089?
3, 251, 457
What are the prime factors of 1267805?
5, 7, 11, 37, 89
List the prime factors of 1632234.
2, 3, 272039
List the prime factors of 336854.
2, 7, 24061
What are the prime factors of 921881?
29, 83, 383
List the prime factors of 312582.
2, 3, 59, 883
What are the prime factors of 3217776?
2, 3, 43, 1559
List the prime factors of 491062.
2, 11, 13, 17, 101
List the prime factors of 397991.
11, 97, 373
What are the prime factors of 7079203?
7079203
What are the prime factors of 299225?
5, 11969
What are the prime factors of 266169?
3, 17, 307
What are the prime factors of 1180326?
2, 3, 7, 157, 179
What are the prime factors of 2546324?
2, 11, 5261
List the prime factors of 98315.
5, 7, 53
List the prime factors of 21295378.
2, 13, 23, 149, 239
What are the prime factors of 26052127?
163, 277, 577
What are the prime factors of 378811?
17, 22283
List the prime factors of 11779704.
2, 3, 47, 59
List the prime factors of 307753.
467, 659
List the prime factors of 184934.
2, 92467
List the prime factors of 7890239.
7, 1127177
What are the prime factors of 1065553?
193, 5521
List the prime factors of 45888.
2, 3, 239
List the prime factors of 408765.
3, 5, 7, 17, 229
What are the prime factors of 32837939?
43, 763673
List the prime factors of 5690236.
2, 31, 109, 421
What are the prime factors of 12168265?
5, 19, 23, 5569
List the prime factors of 2306878.
2, 7, 53, 3109
List the prime factors of 23363760.
2, 3, 5, 7, 13907
What are the prime factors of 9706635?
3, 5, 2663
List the prime factors of 12448050.
2, 3, 5, 31, 2677
List the prime factors of 2789985.
3, 5, 11, 37, 457
What are the prime factors of 12985?
5, 7, 53
What are the prime factors of 1701769?
89, 19121
List the prime factors of 11563355.
5, 229, 10099
List the prime factors of 286178.
2, 17, 19, 443
What are the prime factors of 5238508?
2, 11, 119057
What are the prime factors of 18510812?
2, 43, 107621
What are the prime factors of 6934883?
439, 15797
What are the prime factors of 670936?
2, 7, 11981
What are the prime factors of 4974?
2, 3, 829
List the prime factors of 514210.
2, 5, 51421
List the prime factors of 155205.
3, 5, 3449
What are the prime factors of 1276735?
5, 31, 8237
List the prime factors of 52128.
2, 3, 181
List the prime factors of 14441567.
7, 31, 61, 1091
List the prime factors of 105601.
105601
List the prime factors of 3717054.
2, 3, 11, 18773
List the prime factors of 1451106.
2, 3, 19, 4243
What are the prime factors of 475483?
475483
What are the prime factors of 143638?
2, 11, 6529
What are the prime factors of 10714938?
2, 3, 13, 10567
What are the prime factors of 685583?
827, 829
What are the prime factors of 29644?
2, 7411
What are the prime factors of 67326?
2, 3, 7, 229
List the prime factors of 66479.
7, 9497
List the prime factors of 2051196.
2, 3, 7, 24419
List the prime factors of 14406990.
2, 3, 5, 13, 17, 41, 53
What are the prime factors of 112477?
137, 821
List the prime factors of 8547853.
19, 433, 1039
What are the prime factors of 2940575?
5, 11, 17, 37
List the prime factors of 8469914.
2, 29, 146033
List the prime factors of 339453.
3, 37717
List the prime factors of 4211800.
2, 5, 21059
List the prime factors of 174440.
2, 5, 7, 89
What are the prime factors of 30326880?
2, 3, 5, 23, 41, 67
List the prime factors of 159927.
3, 53309
List the prime factors of 1275388.
2, 61, 5227
What are the prime factors of 13703?
71, 193
List the prime factors of 877149.
3, 7, 13, 17
List the prime factors of 614419.
13, 151, 313
What are the prime factors of 155203?
155203
List the prime factors of 3709006.
2, 7, 37847
List the prime factors of 51002.
2, 7, 3643
List the prime factors of 35843.
73, 491
What are the prime factors of 1527684?
2, 3, 61, 2087
What are the prime factors of 35647901?
41, 869461
List the prime factors of 1692878.
2, 11, 76949
List the prime factors of 3993218.
2, 1996609
What are the prime factors of 320740?
2, 5, 7, 29, 79
List the prime factors of 4449106.
2, 2224553
What are the prime factors of 686811?
3, 47, 4871
What are the prime factors of 999015?
3, 5, 66601
List the prime factors of 404101